{"id":739,"date":"2019-10-25T11:07:01","date_gmt":"2019-10-25T16:07:01","guid":{"rendered":"http:\/\/www.falconmx.com\/sitioweb\/?page_id=739"},"modified":"2019-11-09T20:16:30","modified_gmt":"2019-11-10T02:16:30","slug":"servicios-2","status":"publish","type":"page","link":"https:\/\/www.falconmx.com\/sitioweb\/servicios-2\/","title":{"rendered":"SERVICIOS-2"},"content":{"rendered":"<p>[et_pb_section fb_built=\u00bb1&#8243; fullwidth=\u00bbon\u00bb _builder_version=\u00bb4.0.2&#8243; background_enable_color=\u00bboff\u00bb background_enable_image=\u00bboff\u00bb locked=\u00bboff\u00bb][et_pb_fullwidth_slider _builder_version=\u00bb4.0.2&#8243; custom_button=\u00bbon\u00bb button_text_size=\u00bb12px\u00bb button_use_icon=\u00bboff\u00bb min_height=\u00bb622px\u00bb hover_transition_duration=\u00bb150ms\u00bb hover_transition_delay=\u00bb50ms\u00bb][et_pb_slide heading=\u00bbSERVICIOS\u00bb button_text=\u00bbHOME\u00bb button_link=\u00bbhttps:\/\/www.falconmx.com\/sitioweb\/\u00bb use_bg_overlay=\u00bbon\u00bb _builder_version=\u00bb4.0.2&#8243; header_level=\u00bbh1&#8243; header_font=\u00bb|700|on||||||\u00bb header_text_align=\u00bbcenter\u00bb header_text_color=\u00bb#ffffff\u00bb header_font_size=\u00bb48px\u00bb header_letter_spacing=\u00bb20px\u00bb body_font=\u00bb||||||||\u00bb background_enable_color=\u00bboff\u00bb background_image=\u00bbhttps:\/\/www.falconmx.com\/sitioweb\/wp-content\/uploads\/2019\/10\/bacteria-359956_1920.jpg\u00bb background_enable_image=\u00bbon\u00bb parallax=\u00bbon\u00bb custom_button=\u00bbon\u00bb button_text_size=\u00bb9px\u00bb button_text_color=\u00bb#ffffff\u00bb button_bg_color=\u00bbrgba(0,0,0,0)\u00bb button_border_width=\u00bb0px\u00bb button_font=\u00bb|800|||||||\u00bb button_icon_placement=\u00bbright\u00bb button_alignment=\u00bbcenter\u00bb text_orientation=\u00bbjustified\u00bb width=\u00bb100%\u00bb max_width=\u00bb100%\u00bb]<\/p>\n<p style=\"text-align: justify;\"><span><\/span><\/p>\n<p style=\"text-align: justify;\"><span><\/span><\/p>\n<p style=\"text-align: justify;\"><span><\/span><\/p>\n<p style=\"text-align: justify;\"><span><\/span><\/p>\n<p style=\"text-align: justify;\"><span><\/span><\/p>\n<p style=\"text-align: justify;\"><span><\/span><\/p>\n<p style=\"text-align: justify;\"><span><\/span><\/p>\n<p style=\"text-align: justify;\"><span><\/span><\/p>\n<p style=\"text-align: justify;\"><span>L\u00edderes en Servicios Integrales para el Sector Salud<\/span><\/p>\n<p style=\"text-align: justify;\"><span>Falc\u00f3n es el l\u00edder indiscutible en la prestaci\u00f3n de servicios integrales para los centros m\u00e9dicos de alta especializaci\u00f3n m\u00e1s importantes del Sector Salud. Tenemos presencia en los bancos de sangre y laboratorios cl\u00ednicos de los Centros M\u00e9dicos Nacionales Siglo XXI, La Raza, 20 de Noviembre y el Hospital General Gea Gonz\u00e1lez, entre muchos otros, realizando miles de pruebas al a\u00f1o.<\/span><\/p>\n<p>[\/et_pb_slide][\/et_pb_fullwidth_slider][\/et_pb_section][et_pb_section fb_built=\u00bb1&#8243; admin_label=\u00bbGallery Section\u00bb _builder_version=\u00bb3.22&#8243; background_color=\u00bb#939192&#8243; max_width=\u00bb88%\u00bb module_alignment=\u00bbright\u00bb custom_margin=\u00bb-4%|||\u00bb custom_padding=\u00bb0px||0px|\u00bb animation_style=\u00bbslide\u00bb animation_direction=\u00bbright\u00bb animation_intensity_slide=\u00bb2%\u00bb animation_starting_opacity=\u00bb100%\u00bb box_shadow_style=\u00bbpreset3&#8243; box_shadow_vertical=\u00bb80px\u00bb box_shadow_blur=\u00bb120px\u00bb box_shadow_spread=\u00bb-60px\u00bb box_shadow_color=\u00bbrgba(63,63,31,0.3)\u00bb locked=\u00bboff\u00bb][et_pb_row column_structure=\u00bb1_3,1_3,1_3&#8243; use_custom_gutter=\u00bbon\u00bb gutter_width=\u00bb1&#8243; make_equal=\u00bbon\u00bb module_class=\u00bb et_pb_row_fullwidth\u00bb _builder_version=\u00bb3.25&#8243; width=\u00bb100%\u00bb width_tablet=\u00bb100%\u00bb width_phone=\u00bb\u00bb width_last_edited=\u00bbon|desktop\u00bb max_width=\u00bb100%\u00bb max_width_tablet=\u00bb100%\u00bb max_width_phone=\u00bb\u00bb max_width_last_edited=\u00bbon|desktop\u00bb custom_padding=\u00bb0px||0px|\u00bb make_fullwidth=\u00bbon\u00bb][et_pb_column type=\u00bb1_3&#8243; _builder_version=\u00bb3.25&#8243; custom_padding=\u00bb|||\u00bb custom_padding__hover=\u00bb|||\u00bb][et_pb_image src=\u00bbhttps:\/\/www.falconmx.com\/sitioweb\/wp-content\/uploads\/2019\/11\/doctor-05.jpg\u00bb show_in_lightbox=\u00bbon\u00bb force_fullwidth=\u00bbon\u00bb align_tablet=\u00bbcenter\u00bb align_phone=\u00bb\u00bb align_last_edited=\u00bbon|desktop\u00bb _builder_version=\u00bb4.0.4&#8243; height=\u00bb588px\u00bb animation_style=\u00bbslide\u00bb animation_direction=\u00bbbottom\u00bb animation_intensity_slide=\u00bb3%\u00bb animation_starting_opacity=\u00bb100%\u00bb locked=\u00bboff\u00bb][\/et_pb_image][et_pb_image src=\u00bbhttps:\/\/www.falconmx.com\/sitioweb\/wp-content\/uploads\/2019\/10\/shutterstock_652787824.jpg\u00bb show_in_lightbox=\u00bbon\u00bb align_tablet=\u00bbcenter\u00bb align_phone=\u00bb\u00bb align_last_edited=\u00bbon|desktop\u00bb _builder_version=\u00bb4.0.4&#8243; height=\u00bb588px\u00bb animation_style=\u00bbslide\u00bb animation_direction=\u00bbbottom\u00bb animation_intensity_slide=\u00bb3%\u00bb animation_starting_opacity=\u00bb100%\u00bb hover_enabled=\u00bb0&#8243; locked=\u00bboff\u00bb][\/et_pb_image][\/et_pb_column][et_pb_column type=\u00bb1_3&#8243; _builder_version=\u00bb3.25&#8243; custom_padding=\u00bb|||\u00bb custom_padding__hover=\u00bb|||\u00bb][et_pb_image src=\u00bbhttps:\/\/www.falconmx.com\/sitioweb\/wp-content\/uploads\/2019\/10\/laboratory-3827737_1920.jpg\u00bb show_in_lightbox=\u00bbon\u00bb align_tablet=\u00bbcenter\u00bb align_phone=\u00bb\u00bb align_last_edited=\u00bbon|desktop\u00bb _builder_version=\u00bb4.0.2&#8243; height=\u00bb588px\u00bb animation_style=\u00bbslide\u00bb animation_direction=\u00bbbottom\u00bb animation_intensity_slide=\u00bb3%\u00bb animation_starting_opacity=\u00bb100%\u00bb locked=\u00bboff\u00bb][\/et_pb_image][\/et_pb_column][et_pb_column type=\u00bb1_3&#8243; _builder_version=\u00bb3.25&#8243; custom_padding=\u00bb|||\u00bb custom_padding__hover=\u00bb|||\u00bb][et_pb_image src=\u00bbhttps:\/\/www.falconmx.com\/sitioweb\/wp-content\/uploads\/2019\/10\/technology-3239668_1920.jpg\u00bb show_in_lightbox=\u00bbon\u00bb force_fullwidth=\u00bbon\u00bb align_tablet=\u00bbcenter\u00bb align_phone=\u00bb\u00bb align_last_edited=\u00bbon|desktop\u00bb _builder_version=\u00bb4.0.2&#8243; animation_style=\u00bbslide\u00bb animation_direction=\u00bbright\u00bb animation_intensity_slide=\u00bb3%\u00bb animation_starting_opacity=\u00bb100%\u00bb locked=\u00bboff\u00bb][\/et_pb_image][\/et_pb_column][\/et_pb_row][\/et_pb_section]<\/p>\n","protected":false},"excerpt":{"rendered":"<p>L\u00edderes en Servicios Integrales para el Sector Salud Falc\u00f3n es el l\u00edder indiscutible en la prestaci\u00f3n de servicios integrales para los centros m\u00e9dicos de alta especializaci\u00f3n m\u00e1s importantes del Sector Salud. Tenemos presencia en los bancos de sangre y laboratorios cl\u00ednicos de los Centros M\u00e9dicos Nacionales Siglo XXI, La Raza, 20 de Noviembre y el [&hellip;]<\/p>\n","protected":false},"author":1,"featured_media":0,"parent":0,"menu_order":0,"comment_status":"closed","ping_status":"closed","template":"","meta":{"_et_pb_use_builder":"on","_et_pb_old_content":"","_et_gb_content_width":""},"yoast_head":"<!-- This site is optimized with the Yoast SEO plugin v19.3 - https:\/\/yoast.com\/wordpress\/plugins\/seo\/ -->\n<title>SERVICIOS-2 - FALC\u00d3N<\/title>\n<meta name=\"robots\" content=\"index, follow, max-snippet:-1, max-image-preview:large, max-video-preview:-1\" \/>\n<link rel=\"canonical\" href=\"https:\/\/www.falconmx.com\/sitioweb\/servicios-2\/\" \/>\n<meta property=\"og:locale\" content=\"es_ES\" \/>\n<meta property=\"og:type\" content=\"article\" \/>\n<meta property=\"og:title\" content=\"SERVICIOS-2 - FALC\u00d3N\" \/>\n<meta property=\"og:description\" content=\"L\u00edderes en Servicios Integrales para el Sector Salud Falc\u00f3n es el l\u00edder indiscutible en la prestaci\u00f3n de servicios integrales para los centros m\u00e9dicos de alta especializaci\u00f3n m\u00e1s importantes del Sector Salud. Tenemos presencia en los bancos de sangre y laboratorios cl\u00ednicos de los Centros M\u00e9dicos Nacionales Siglo XXI, La Raza, 20 de Noviembre y el [&hellip;]\" \/>\n<meta property=\"og:url\" content=\"https:\/\/www.falconmx.com\/sitioweb\/servicios-2\/\" \/>\n<meta property=\"og:site_name\" content=\"FALC\u00d3N\" \/>\n<meta property=\"article:modified_time\" content=\"2019-11-10T02:16:30+00:00\" \/>\n<meta name=\"twitter:card\" content=\"summary_large_image\" \/>\n<meta name=\"twitter:label1\" content=\"Tiempo de lectura\" \/>\n\t<meta name=\"twitter:data1\" content=\"3 minutos\" \/>\n<script type=\"application\/ld+json\" class=\"yoast-schema-graph\">{\"@context\":\"https:\/\/schema.org\",\"@graph\":[{\"@type\":\"WebSite\",\"@id\":\"https:\/\/www.falconmx.com\/sitioweb\/#website\",\"url\":\"https:\/\/www.falconmx.com\/sitioweb\/\",\"name\":\"FALCON\",\"description\":\"Servircios Integrales\",\"potentialAction\":[{\"@type\":\"SearchAction\",\"target\":{\"@type\":\"EntryPoint\",\"urlTemplate\":\"https:\/\/www.falconmx.com\/sitioweb\/?s={search_term_string}\"},\"query-input\":\"required name=search_term_string\"}],\"inLanguage\":\"es\"},{\"@type\":\"WebPage\",\"@id\":\"https:\/\/www.falconmx.com\/sitioweb\/servicios-2\/\",\"url\":\"https:\/\/www.falconmx.com\/sitioweb\/servicios-2\/\",\"name\":\"SERVICIOS-2 - FALC\u00d3N\",\"isPartOf\":{\"@id\":\"https:\/\/www.falconmx.com\/sitioweb\/#website\"},\"datePublished\":\"2019-10-25T16:07:01+00:00\",\"dateModified\":\"2019-11-10T02:16:30+00:00\",\"breadcrumb\":{\"@id\":\"https:\/\/www.falconmx.com\/sitioweb\/servicios-2\/#breadcrumb\"},\"inLanguage\":\"es\",\"potentialAction\":[{\"@type\":\"ReadAction\",\"target\":[\"https:\/\/www.falconmx.com\/sitioweb\/servicios-2\/\"]}]},{\"@type\":\"BreadcrumbList\",\"@id\":\"https:\/\/www.falconmx.com\/sitioweb\/servicios-2\/#breadcrumb\",\"itemListElement\":[{\"@type\":\"ListItem\",\"position\":1,\"name\":\"Portada\",\"item\":\"https:\/\/www.falconmx.com\/sitioweb\/\"},{\"@type\":\"ListItem\",\"position\":2,\"name\":\"SERVICIOS-2\"}]}]}<\/script>\n<!-- \/ Yoast SEO plugin. -->","yoast_head_json":{"title":"SERVICIOS-2 - FALC\u00d3N","robots":{"index":"index","follow":"follow","max-snippet":"max-snippet:-1","max-image-preview":"max-image-preview:large","max-video-preview":"max-video-preview:-1"},"canonical":"https:\/\/www.falconmx.com\/sitioweb\/servicios-2\/","og_locale":"es_ES","og_type":"article","og_title":"SERVICIOS-2 - FALC\u00d3N","og_description":"L\u00edderes en Servicios Integrales para el Sector Salud Falc\u00f3n es el l\u00edder indiscutible en la prestaci\u00f3n de servicios integrales para los centros m\u00e9dicos de alta especializaci\u00f3n m\u00e1s importantes del Sector Salud. Tenemos presencia en los bancos de sangre y laboratorios cl\u00ednicos de los Centros M\u00e9dicos Nacionales Siglo XXI, La Raza, 20 de Noviembre y el [&hellip;]","og_url":"https:\/\/www.falconmx.com\/sitioweb\/servicios-2\/","og_site_name":"FALC\u00d3N","article_modified_time":"2019-11-10T02:16:30+00:00","twitter_card":"summary_large_image","twitter_misc":{"Tiempo de lectura":"3 minutos"},"schema":{"@context":"https:\/\/schema.org","@graph":[{"@type":"WebSite","@id":"https:\/\/www.falconmx.com\/sitioweb\/#website","url":"https:\/\/www.falconmx.com\/sitioweb\/","name":"FALCON","description":"Servircios Integrales","potentialAction":[{"@type":"SearchAction","target":{"@type":"EntryPoint","urlTemplate":"https:\/\/www.falconmx.com\/sitioweb\/?s={search_term_string}"},"query-input":"required name=search_term_string"}],"inLanguage":"es"},{"@type":"WebPage","@id":"https:\/\/www.falconmx.com\/sitioweb\/servicios-2\/","url":"https:\/\/www.falconmx.com\/sitioweb\/servicios-2\/","name":"SERVICIOS-2 - FALC\u00d3N","isPartOf":{"@id":"https:\/\/www.falconmx.com\/sitioweb\/#website"},"datePublished":"2019-10-25T16:07:01+00:00","dateModified":"2019-11-10T02:16:30+00:00","breadcrumb":{"@id":"https:\/\/www.falconmx.com\/sitioweb\/servicios-2\/#breadcrumb"},"inLanguage":"es","potentialAction":[{"@type":"ReadAction","target":["https:\/\/www.falconmx.com\/sitioweb\/servicios-2\/"]}]},{"@type":"BreadcrumbList","@id":"https:\/\/www.falconmx.com\/sitioweb\/servicios-2\/#breadcrumb","itemListElement":[{"@type":"ListItem","position":1,"name":"Portada","item":"https:\/\/www.falconmx.com\/sitioweb\/"},{"@type":"ListItem","position":2,"name":"SERVICIOS-2"}]}]}},"_links":{"self":[{"href":"https:\/\/www.falconmx.com\/sitioweb\/wp-json\/wp\/v2\/pages\/739"}],"collection":[{"href":"https:\/\/www.falconmx.com\/sitioweb\/wp-json\/wp\/v2\/pages"}],"about":[{"href":"https:\/\/www.falconmx.com\/sitioweb\/wp-json\/wp\/v2\/types\/page"}],"author":[{"embeddable":true,"href":"https:\/\/www.falconmx.com\/sitioweb\/wp-json\/wp\/v2\/users\/1"}],"replies":[{"embeddable":true,"href":"https:\/\/www.falconmx.com\/sitioweb\/wp-json\/wp\/v2\/comments?post=739"}],"version-history":[{"count":13,"href":"https:\/\/www.falconmx.com\/sitioweb\/wp-json\/wp\/v2\/pages\/739\/revisions"}],"predecessor-version":[{"id":975,"href":"https:\/\/www.falconmx.com\/sitioweb\/wp-json\/wp\/v2\/pages\/739\/revisions\/975"}],"wp:attachment":[{"href":"https:\/\/www.falconmx.com\/sitioweb\/wp-json\/wp\/v2\/media?parent=739"}],"curies":[{"name":"wp","href":"https:\/\/api.w.org\/{rel}","templated":true}]}}