{"id":766,"date":"2019-10-25T11:51:13","date_gmt":"2019-10-25T16:51:13","guid":{"rendered":"http:\/\/www.falconmx.com\/sitioweb\/?page_id=766"},"modified":"2020-02-11T11:22:10","modified_gmt":"2020-02-11T17:22:10","slug":"contacto","status":"publish","type":"page","link":"https:\/\/www.falconmx.com\/sitioweb\/contacto\/","title":{"rendered":"CONTACTO"},"content":{"rendered":"<p>[et_pb_section fb_built=\u00bb1&#8243; fullwidth=\u00bbon\u00bb _builder_version=\u00bb4.0.2&#8243; background_enable_color=\u00bboff\u00bb background_enable_image=\u00bboff\u00bb locked=\u00bboff\u00bb][et_pb_fullwidth_slider _builder_version=\u00bb4.0.4&#8243; custom_button=\u00bbon\u00bb button_text_size=\u00bb12px\u00bb button_use_icon=\u00bboff\u00bb min_height=\u00bb623px\u00bb hover_transition_duration=\u00bb150ms\u00bb hover_transition_delay=\u00bb50ms\u00bb][et_pb_slide heading=\u00bbCONTACTO\u00bb button_text=\u00bbINICIO\u00bb button_link=\u00bbhttps:\/\/www.falconmx.com\/sitioweb\/\u00bb use_bg_overlay=\u00bbon\u00bb _builder_version=\u00bb4.0.4&#8243; header_level=\u00bbh1&#8243; header_font=\u00bb|700|on||||||\u00bb header_text_align=\u00bbcenter\u00bb header_text_color=\u00bb#ffffff\u00bb header_font_size=\u00bb48px\u00bb header_letter_spacing=\u00bb0px\u00bb header_line_height=\u00bb1.2em\u00bb body_font=\u00bb||||||||\u00bb background_enable_color=\u00bboff\u00bb background_image=\u00bbhttps:\/\/www.falconmx.com\/sitioweb\/wp-content\/uploads\/2019\/10\/2014_01_29_FALCON_2_by_Jaime_Navarro_Rojkind_Arquitectos_WEB_085.jpg\u00bb background_enable_image=\u00bbon\u00bb parallax=\u00bbon\u00bb custom_button=\u00bbon\u00bb button_text_size=\u00bb9px\u00bb button_text_color=\u00bb#ffffff\u00bb button_bg_color=\u00bbrgba(0,0,0,0)\u00bb button_border_width=\u00bb0px\u00bb button_font=\u00bb|800|||||||\u00bb button_icon_placement=\u00bbright\u00bb button_alignment=\u00bbcenter\u00bb text_orientation=\u00bbjustified\u00bb width=\u00bb100%\u00bb max_width=\u00bb100%\u00bb][\/et_pb_slide][\/et_pb_fullwidth_slider][\/et_pb_section][et_pb_section fb_built=\u00bb1&#8243; _builder_version=\u00bb4.0.2&#8243; background_enable_image=\u00bboff\u00bb hover_enabled=\u00bb0&#8243;][et_pb_row column_structure=\u00bb3_4,1_4&#8243; _builder_version=\u00bb4.0.6&#8243; hover_enabled=\u00bb0&#8243;][et_pb_column type=\u00bb3_4&#8243; _builder_version=\u00bb4.0.2&#8243;][et_pb_contact_form captcha=\u00bboff\u00bb email=\u00bbcontacto@falconmx.com\u00bb title=\u00bbENV\u00cdANOS UN MENSAJE\u00bb custom_message=\u00bb%%Nombre%%||et_pb_line_break_holder||%%Correo%%||et_pb_line_break_holder||%%Tel\u00e9fono%%||et_pb_line_break_holder||%%Comentarios%%\u00bb submit_button_text=\u00bbENVIAR MENSAJE\u00bb _builder_version=\u00bb4.3.2&#8243; title_text_align=\u00bbcenter\u00bb custom_button=\u00bbon\u00bb button_text_size=\u00bb12px\u00bb button_text_color=\u00bb#ffffff\u00bb button_bg_color=\u00bb#e02b20&#8243; button_border_radius=\u00bb50px\u00bb button_font=\u00bb|700|||||||\u00bb button_use_icon=\u00bboff\u00bb hover_enabled=\u00bb0&#8243; border_radii=\u00bbon|28px|28px|28px|28px\u00bb][et_pb_contact_field field_id=\u00bbNombre\u00bb field_title=\u00bbNombre\u00bb required_mark=\u00bboff\u00bb fullwidth_field=\u00bbon\u00bb _builder_version=\u00bb4.0.6&#8243;][\/et_pb_contact_field][et_pb_contact_field field_id=\u00bbCorreo\u00bb field_title=\u00bbCorreo\u00bb field_type=\u00bbemail\u00bb required_mark=\u00bboff\u00bb fullwidth_field=\u00bbon\u00bb _builder_version=\u00bb4.0.6&#8243;][\/et_pb_contact_field][et_pb_contact_field field_id=\u00bbTel\u00e9fono\u00bb field_title=\u00bbTel\u00e9fono\u00bb required_mark=\u00bboff\u00bb fullwidth_field=\u00bbon\u00bb _builder_version=\u00bb4.0.6&#8243;][\/et_pb_contact_field][et_pb_contact_field field_id=\u00bbComentarios\u00bb field_title=\u00bbComentarios\u00bb field_type=\u00bbtext\u00bb fullwidth_field=\u00bbon\u00bb _builder_version=\u00bb4.0.6&#8243; button_text_size__hover_enabled=\u00bboff\u00bb button_one_text_size__hover_enabled=\u00bboff\u00bb button_two_text_size__hover_enabled=\u00bboff\u00bb button_text_color__hover_enabled=\u00bboff\u00bb button_one_text_color__hover_enabled=\u00bboff\u00bb button_two_text_color__hover_enabled=\u00bboff\u00bb button_border_width__hover_enabled=\u00bboff\u00bb button_one_border_width__hover_enabled=\u00bboff\u00bb button_two_border_width__hover_enabled=\u00bboff\u00bb button_border_color__hover_enabled=\u00bboff\u00bb button_one_border_color__hover_enabled=\u00bboff\u00bb button_two_border_color__hover_enabled=\u00bboff\u00bb button_border_radius__hover_enabled=\u00bboff\u00bb button_one_border_radius__hover_enabled=\u00bboff\u00bb button_two_border_radius__hover_enabled=\u00bboff\u00bb button_letter_spacing__hover_enabled=\u00bboff\u00bb button_one_letter_spacing__hover_enabled=\u00bboff\u00bb button_two_letter_spacing__hover_enabled=\u00bboff\u00bb button_bg_color__hover_enabled=\u00bboff\u00bb button_one_bg_color__hover_enabled=\u00bboff\u00bb button_two_bg_color__hover_enabled=\u00bboff\u00bb][\/et_pb_contact_field][\/et_pb_contact_form][\/et_pb_column][et_pb_column type=\u00bb1_4&#8243; _builder_version=\u00bb4.0.2&#8243;][\/et_pb_column][\/et_pb_row][\/et_pb_section][et_pb_section fb_built=\u00bb1&#8243; admin_label=\u00bbCoffee Menu\u00bb _builder_version=\u00bb4.0.2&#8243; background_color=\u00bbrgba(0,0,0,0.12)\u00bb background_enable_image=\u00bboff\u00bb custom_padding=\u00bb100px||100px|\u00bb locked=\u00bboff\u00bb][et_pb_row admin_label=\u00bbSection Header\u00bb _builder_version=\u00bb3.25&#8243; module_alignment=\u00bbcenter\u00bb custom_padding=\u00bb40px|0px|40px|0px\u00bb][et_pb_column type=\u00bb4_4&#8243; _builder_version=\u00bb3.25&#8243; custom_padding=\u00bb|||\u00bb custom_padding__hover=\u00bb|||\u00bb][et_pb_text admin_label=\u00bbTittle\u00bb _builder_version=\u00bb3.27.4&#8243; text_font=\u00bbNunito||||||||\u00bb text_font_size=\u00bb18px\u00bb text_line_height=\u00bb1.8em\u00bb header_font=\u00bb||||||||\u00bb header_2_font=\u00bbOswald|||on|||||\u00bb header_2_text_align=\u00bbcenter\u00bb header_2_font_size=\u00bb40px\u00bb header_2_letter_spacing=\u00bb1px\u00bb header_2_line_height=\u00bb1.5em\u00bb header_3_font=\u00bb||||||||\u00bb max_width=\u00bb600px\u00bb max_width_last_edited=\u00bboff|desktop\u00bb module_alignment=\u00bbcenter\u00bb custom_margin=\u00bb|||\u00bb]<\/p>\n<h2>NUESTRAS OFICINAS:<\/h2>\n<p>[\/et_pb_text][\/et_pb_column][\/et_pb_row][et_pb_row column_structure=\u00bb1_4,1_4,1_4,1_4&#8243; admin_label=\u00bbCoffee items\u00bb _builder_version=\u00bb3.25&#8243; custom_margin=\u00bb|||\u00bb custom_padding=\u00bb60px|0px|60px|0px\u00bb][et_pb_column type=\u00bb1_4&#8243; _builder_version=\u00bb3.25&#8243; custom_padding=\u00bb|||\u00bb custom_padding__hover=\u00bb|||\u00bb][et_pb_blurb title=\u00bbCDMX, M\u00c9XICO\u00bb image_max_width=\u00bb280px\u00bb admin_label=\u00bbcoffee Item\u00bb _builder_version=\u00bb4.0.2&#8243; header_font=\u00bbOswald|||on|\u00bb header_text_align=\u00bbcenter\u00bb header_font_size=\u00bb20px\u00bb header_letter_spacing=\u00bb1px\u00bb header_line_height=\u00bb1.7em\u00bb body_font=\u00bbNunito||||\u00bb body_text_align=\u00bbcenter\u00bb body_font_size=\u00bb18px\u00bb body_line_height=\u00bb1.8em\u00bb text_orientation=\u00bbcenter\u00bb animation=\u00bbright\u00bb box_shadow_style=\u00bbpreset1&#8243;]<\/p>\n<p><strong>TEL\u00c9FONO:<br \/><\/strong><b>17-19-06-00<\/b><\/p>\n<p>[\/et_pb_blurb][et_pb_blurb title=\u00bbMonterrey, Nuevo Le\u00f3n\u00bb image_max_width=\u00bb280px\u00bb admin_label=\u00bbcoffee Item\u00bb _builder_version=\u00bb4.0.4&#8243; header_font=\u00bbOswald|||on|\u00bb header_text_align=\u00bbcenter\u00bb header_font_size=\u00bb20px\u00bb header_letter_spacing=\u00bb1px\u00bb header_line_height=\u00bb1.7em\u00bb body_font=\u00bbNunito||||\u00bb body_text_align=\u00bbcenter\u00bb body_font_size=\u00bb18px\u00bb body_line_height=\u00bb1.8em\u00bb text_orientation=\u00bbcenter\u00bb custom_padding=\u00bb||0px|||\u00bb animation=\u00bbright\u00bb box_shadow_style=\u00bbpreset1&#8243;]<\/p>\n<p><strong>TEL\u00c9FONO:<br \/> <\/strong><strong>01 (81) 81 28 38 00<\/strong><\/p>\n<p>[\/et_pb_blurb][et_pb_blurb title=\u00bbChihuahua, chihuahua\u00bb image_max_width=\u00bb280px\u00bb admin_label=\u00bbcoffee Item\u00bb _builder_version=\u00bb4.0.2&#8243; header_font=\u00bbOswald|||on|\u00bb header_text_align=\u00bbcenter\u00bb header_font_size=\u00bb20px\u00bb header_letter_spacing=\u00bb1px\u00bb header_line_height=\u00bb1.7em\u00bb body_font=\u00bbNunito||||\u00bb body_text_align=\u00bbcenter\u00bb body_font_size=\u00bb18px\u00bb body_line_height=\u00bb1.8em\u00bb text_orientation=\u00bbcenter\u00bb animation=\u00bbright\u00bb box_shadow_style=\u00bbpreset1&#8243;]<\/p>\n<p><strong>TEL\u00c9FONO:<br \/> <\/strong><strong>01 (614) 418 05 13<\/strong><\/p>\n<p>[\/et_pb_blurb][\/et_pb_column][et_pb_column type=\u00bb1_4&#8243; _builder_version=\u00bb3.25&#8243; custom_padding=\u00bb|||\u00bb custom_padding__hover=\u00bb|||\u00bb][et_pb_blurb title=\u00bbGuadalajara, jalisco\u00bb image_max_width=\u00bb280px\u00bb admin_label=\u00bbcoffee Item\u00bb _builder_version=\u00bb4.0.2&#8243; header_font=\u00bbOswald|||on|\u00bb header_text_align=\u00bbcenter\u00bb header_font_size=\u00bb20px\u00bb header_letter_spacing=\u00bb1px\u00bb header_line_height=\u00bb1.7em\u00bb body_font=\u00bbNunito||||\u00bb body_text_align=\u00bbcenter\u00bb body_font_size=\u00bb18px\u00bb body_line_height=\u00bb1.8em\u00bb text_orientation=\u00bbcenter\u00bb animation=\u00bbright\u00bb box_shadow_style=\u00bbpreset1&#8243;]<\/p>\n<p><strong>TEL\u00c9FONO:<br \/> <\/strong><strong>01 (33) 31 22 49 54<\/strong><\/p>\n<p>[\/et_pb_blurb][et_pb_blurb title=\u00bbcuernavaca, morelos\u00bb image_max_width=\u00bb280px\u00bb admin_label=\u00bbcoffee Item\u00bb _builder_version=\u00bb4.0.2&#8243; header_font=\u00bbOswald|||on|\u00bb header_text_align=\u00bbcenter\u00bb header_font_size=\u00bb20px\u00bb header_letter_spacing=\u00bb1px\u00bb header_line_height=\u00bb1.7em\u00bb body_font=\u00bbNunito||||\u00bb body_text_align=\u00bbcenter\u00bb body_font_size=\u00bb18px\u00bb body_line_height=\u00bb1.8em\u00bb text_orientation=\u00bbcenter\u00bb animation=\u00bbright\u00bb box_shadow_style=\u00bbpreset1&#8243;]<\/p>\n<p><strong>TEL\u00c9FONO:<br \/> <\/strong><strong>01 (777) 322 95 68<\/strong><\/p>\n<p>[\/et_pb_blurb][et_pb_blurb title=\u00bbm\u00e9rida, yucat\u00e1n\u00bb image_max_width=\u00bb280px\u00bb admin_label=\u00bbcoffee Item\u00bb _builder_version=\u00bb4.0.2&#8243; header_font=\u00bbOswald|||on|\u00bb header_text_align=\u00bbcenter\u00bb header_font_size=\u00bb20px\u00bb header_letter_spacing=\u00bb1px\u00bb header_line_height=\u00bb1.7em\u00bb body_font=\u00bbNunito||||\u00bb body_text_align=\u00bbcenter\u00bb body_font_size=\u00bb18px\u00bb body_line_height=\u00bb1.8em\u00bb text_orientation=\u00bbcenter\u00bb animation=\u00bbright\u00bb box_shadow_style=\u00bbpreset1&#8243;]<\/p>\n<p><strong>TEL\u00c9FONO:<br \/> <\/strong><strong>01 (999) 938 03 79<\/strong><\/p>\n<p>[\/et_pb_blurb][\/et_pb_column][et_pb_column type=\u00bb1_4&#8243; _builder_version=\u00bb3.25&#8243; custom_padding=\u00bb|||\u00bb custom_padding__hover=\u00bb|||\u00bb][et_pb_blurb title=\u00bbHERMOSILLO, SONORA\u00bb image_max_width=\u00bb280px\u00bb admin_label=\u00bbcoffee Item\u00bb _builder_version=\u00bb4.0.2&#8243; header_font=\u00bbOswald|||on|\u00bb header_text_align=\u00bbcenter\u00bb header_font_size=\u00bb20px\u00bb header_letter_spacing=\u00bb1px\u00bb header_line_height=\u00bb1.7em\u00bb body_font=\u00bbNunito||||\u00bb body_text_align=\u00bbcenter\u00bb body_font_size=\u00bb18px\u00bb body_line_height=\u00bb1.8em\u00bb text_orientation=\u00bbcenter\u00bb animation=\u00bbright\u00bb box_shadow_style=\u00bbpreset1&#8243;]<\/p>\n<p><strong>TEL\u00c9FONO:<br \/> <\/strong><strong>01 (662) 285 74 23<\/strong><\/p>\n<p>[\/et_pb_blurb][et_pb_blurb title=\u00bbvillahermosa, tabasco\u00bb image_max_width=\u00bb280px\u00bb admin_label=\u00bbcoffee Item\u00bb _builder_version=\u00bb4.0.2&#8243; header_font=\u00bbOswald|||on|\u00bb header_text_align=\u00bbcenter\u00bb header_font_size=\u00bb20px\u00bb header_letter_spacing=\u00bb1px\u00bb header_line_height=\u00bb1.7em\u00bb body_font=\u00bbNunito||||\u00bb body_text_align=\u00bbcenter\u00bb body_font_size=\u00bb18px\u00bb body_line_height=\u00bb1.8em\u00bb text_orientation=\u00bbcenter\u00bb animation=\u00bbright\u00bb box_shadow_style=\u00bbpreset1&#8243;]<\/p>\n<p><strong>TEL\u00c9FONO:<br \/> <\/strong><strong>01 (993) 131 38 28<\/strong><\/p>\n<p>[\/et_pb_blurb][et_pb_blurb title=\u00bbpuebla, puebla\u00bb image_max_width=\u00bb280px\u00bb admin_label=\u00bbcoffee Item\u00bb _builder_version=\u00bb4.0.2&#8243; header_font=\u00bbOswald|||on|\u00bb header_text_align=\u00bbcenter\u00bb header_font_size=\u00bb20px\u00bb header_letter_spacing=\u00bb1px\u00bb header_line_height=\u00bb1.7em\u00bb body_font=\u00bbNunito||||\u00bb body_text_align=\u00bbcenter\u00bb body_font_size=\u00bb18px\u00bb body_line_height=\u00bb1.8em\u00bb text_orientation=\u00bbcenter\u00bb animation=\u00bbright\u00bb box_shadow_style=\u00bbpreset1&#8243;]<\/p>\n<p><strong>TEL\u00c9FONO:<br \/> <\/strong><strong>01 (222) 231 97 08<\/strong><\/p>\n<p>[\/et_pb_blurb][\/et_pb_column][et_pb_column type=\u00bb1_4&#8243; _builder_version=\u00bb3.25&#8243; custom_padding=\u00bb|||\u00bb custom_padding__hover=\u00bb|||\u00bb][et_pb_blurb title=\u00bbCD. OBREG\u00d3N, SONORA\u00bb image_max_width=\u00bb280px\u00bb admin_label=\u00bbcoffee Item\u00bb _builder_version=\u00bb4.0.2&#8243; header_font=\u00bbOswald|||on|\u00bb header_text_align=\u00bbcenter\u00bb header_font_size=\u00bb20px\u00bb header_letter_spacing=\u00bb1px\u00bb header_line_height=\u00bb1.7em\u00bb body_font=\u00bbNunito||||\u00bb body_text_align=\u00bbcenter\u00bb body_font_size=\u00bb18px\u00bb body_line_height=\u00bb1.8em\u00bb text_orientation=\u00bbcenter\u00bb animation=\u00bbright\u00bb box_shadow_style=\u00bbpreset1&#8243;]<\/p>\n<p><strong>TEL\u00c9FONO:<br \/> <\/strong><strong>01 (644) 415 58 04<\/strong><\/p>\n<p>[\/et_pb_blurb][et_pb_blurb title=\u00bbveracruz, veracruz\u00bb image_max_width=\u00bb280px\u00bb admin_label=\u00bbcoffee Item\u00bb _builder_version=\u00bb4.0.2&#8243; header_font=\u00bbOswald|||on|\u00bb header_text_align=\u00bbcenter\u00bb header_font_size=\u00bb20px\u00bb header_letter_spacing=\u00bb1px\u00bb header_line_height=\u00bb1.7em\u00bb body_font=\u00bbNunito||||\u00bb body_text_align=\u00bbcenter\u00bb body_font_size=\u00bb18px\u00bb body_line_height=\u00bb1.8em\u00bb text_orientation=\u00bbcenter\u00bb animation=\u00bbright\u00bb box_shadow_style=\u00bbpreset1&#8243;]<\/p>\n<p><strong>TEL\u00c9FONO:<br \/> <\/strong><strong>01 (229) 688 05 80<\/strong><\/p>\n<p>[\/et_pb_blurb][\/et_pb_column][\/et_pb_row][\/et_pb_section]<\/p>\n","protected":false},"excerpt":{"rendered":"<p>NUESTRAS OFICINAS:TEL\u00c9FONO:17-19-06-00TEL\u00c9FONO: 01 (81) 81 28 38 00TEL\u00c9FONO: 01 (614) 418 05 13TEL\u00c9FONO: 01 (33) 31 22 49 54TEL\u00c9FONO: 01 (777) 322 95 68TEL\u00c9FONO: 01 (999) 938 03 79TEL\u00c9FONO: 01 (662) 285 74 23TEL\u00c9FONO: 01 (993) 131 38 28TEL\u00c9FONO: 01 (222) 231 97 08TEL\u00c9FONO: 01 (644) 415 58 04TEL\u00c9FONO: 01 (229) 688 05 80<\/p>\n","protected":false},"author":1,"featured_media":0,"parent":0,"menu_order":0,"comment_status":"closed","ping_status":"closed","template":"","meta":{"_et_pb_use_builder":"on","_et_pb_old_content":"","_et_gb_content_width":""},"yoast_head":"<!-- This site is optimized with the Yoast SEO plugin v19.3 - https:\/\/yoast.com\/wordpress\/plugins\/seo\/ -->\n<title>CONTACTO - FALC\u00d3N<\/title>\n<meta name=\"robots\" content=\"index, follow, max-snippet:-1, max-image-preview:large, max-video-preview:-1\" \/>\n<link rel=\"canonical\" href=\"https:\/\/www.falconmx.com\/sitioweb\/contacto\/\" \/>\n<meta property=\"og:locale\" content=\"es_ES\" \/>\n<meta property=\"og:type\" content=\"article\" \/>\n<meta property=\"og:title\" content=\"CONTACTO - FALC\u00d3N\" \/>\n<meta property=\"og:description\" content=\"NUESTRAS OFICINAS:TEL\u00c9FONO:17-19-06-00TEL\u00c9FONO: 01 (81) 81 28 38 00TEL\u00c9FONO: 01 (614) 418 05 13TEL\u00c9FONO: 01 (33) 31 22 49 54TEL\u00c9FONO: 01 (777) 322 95 68TEL\u00c9FONO: 01 (999) 938 03 79TEL\u00c9FONO: 01 (662) 285 74 23TEL\u00c9FONO: 01 (993) 131 38 28TEL\u00c9FONO: 01 (222) 231 97 08TEL\u00c9FONO: 01 (644) 415 58 04TEL\u00c9FONO: 01 (229) 688 05 80\" \/>\n<meta property=\"og:url\" content=\"https:\/\/www.falconmx.com\/sitioweb\/contacto\/\" \/>\n<meta property=\"og:site_name\" content=\"FALC\u00d3N\" \/>\n<meta property=\"article:modified_time\" content=\"2020-02-11T17:22:10+00:00\" \/>\n<meta name=\"twitter:card\" content=\"summary_large_image\" \/>\n<meta name=\"twitter:label1\" content=\"Tiempo de lectura\" \/>\n\t<meta name=\"twitter:data1\" content=\"7 minutos\" \/>\n<script type=\"application\/ld+json\" class=\"yoast-schema-graph\">{\"@context\":\"https:\/\/schema.org\",\"@graph\":[{\"@type\":\"WebSite\",\"@id\":\"https:\/\/www.falconmx.com\/sitioweb\/#website\",\"url\":\"https:\/\/www.falconmx.com\/sitioweb\/\",\"name\":\"FALCON\",\"description\":\"Servircios Integrales\",\"potentialAction\":[{\"@type\":\"SearchAction\",\"target\":{\"@type\":\"EntryPoint\",\"urlTemplate\":\"https:\/\/www.falconmx.com\/sitioweb\/?s={search_term_string}\"},\"query-input\":\"required name=search_term_string\"}],\"inLanguage\":\"es\"},{\"@type\":\"WebPage\",\"@id\":\"https:\/\/www.falconmx.com\/sitioweb\/contacto\/\",\"url\":\"https:\/\/www.falconmx.com\/sitioweb\/contacto\/\",\"name\":\"CONTACTO - FALC\u00d3N\",\"isPartOf\":{\"@id\":\"https:\/\/www.falconmx.com\/sitioweb\/#website\"},\"datePublished\":\"2019-10-25T16:51:13+00:00\",\"dateModified\":\"2020-02-11T17:22:10+00:00\",\"breadcrumb\":{\"@id\":\"https:\/\/www.falconmx.com\/sitioweb\/contacto\/#breadcrumb\"},\"inLanguage\":\"es\",\"potentialAction\":[{\"@type\":\"ReadAction\",\"target\":[\"https:\/\/www.falconmx.com\/sitioweb\/contacto\/\"]}]},{\"@type\":\"BreadcrumbList\",\"@id\":\"https:\/\/www.falconmx.com\/sitioweb\/contacto\/#breadcrumb\",\"itemListElement\":[{\"@type\":\"ListItem\",\"position\":1,\"name\":\"Portada\",\"item\":\"https:\/\/www.falconmx.com\/sitioweb\/\"},{\"@type\":\"ListItem\",\"position\":2,\"name\":\"CONTACTO\"}]}]}<\/script>\n<!-- \/ Yoast SEO plugin. -->","yoast_head_json":{"title":"CONTACTO - FALC\u00d3N","robots":{"index":"index","follow":"follow","max-snippet":"max-snippet:-1","max-image-preview":"max-image-preview:large","max-video-preview":"max-video-preview:-1"},"canonical":"https:\/\/www.falconmx.com\/sitioweb\/contacto\/","og_locale":"es_ES","og_type":"article","og_title":"CONTACTO - FALC\u00d3N","og_description":"NUESTRAS OFICINAS:TEL\u00c9FONO:17-19-06-00TEL\u00c9FONO: 01 (81) 81 28 38 00TEL\u00c9FONO: 01 (614) 418 05 13TEL\u00c9FONO: 01 (33) 31 22 49 54TEL\u00c9FONO: 01 (777) 322 95 68TEL\u00c9FONO: 01 (999) 938 03 79TEL\u00c9FONO: 01 (662) 285 74 23TEL\u00c9FONO: 01 (993) 131 38 28TEL\u00c9FONO: 01 (222) 231 97 08TEL\u00c9FONO: 01 (644) 415 58 04TEL\u00c9FONO: 01 (229) 688 05 80","og_url":"https:\/\/www.falconmx.com\/sitioweb\/contacto\/","og_site_name":"FALC\u00d3N","article_modified_time":"2020-02-11T17:22:10+00:00","twitter_card":"summary_large_image","twitter_misc":{"Tiempo de lectura":"7 minutos"},"schema":{"@context":"https:\/\/schema.org","@graph":[{"@type":"WebSite","@id":"https:\/\/www.falconmx.com\/sitioweb\/#website","url":"https:\/\/www.falconmx.com\/sitioweb\/","name":"FALCON","description":"Servircios Integrales","potentialAction":[{"@type":"SearchAction","target":{"@type":"EntryPoint","urlTemplate":"https:\/\/www.falconmx.com\/sitioweb\/?s={search_term_string}"},"query-input":"required name=search_term_string"}],"inLanguage":"es"},{"@type":"WebPage","@id":"https:\/\/www.falconmx.com\/sitioweb\/contacto\/","url":"https:\/\/www.falconmx.com\/sitioweb\/contacto\/","name":"CONTACTO - FALC\u00d3N","isPartOf":{"@id":"https:\/\/www.falconmx.com\/sitioweb\/#website"},"datePublished":"2019-10-25T16:51:13+00:00","dateModified":"2020-02-11T17:22:10+00:00","breadcrumb":{"@id":"https:\/\/www.falconmx.com\/sitioweb\/contacto\/#breadcrumb"},"inLanguage":"es","potentialAction":[{"@type":"ReadAction","target":["https:\/\/www.falconmx.com\/sitioweb\/contacto\/"]}]},{"@type":"BreadcrumbList","@id":"https:\/\/www.falconmx.com\/sitioweb\/contacto\/#breadcrumb","itemListElement":[{"@type":"ListItem","position":1,"name":"Portada","item":"https:\/\/www.falconmx.com\/sitioweb\/"},{"@type":"ListItem","position":2,"name":"CONTACTO"}]}]}},"_links":{"self":[{"href":"https:\/\/www.falconmx.com\/sitioweb\/wp-json\/wp\/v2\/pages\/766"}],"collection":[{"href":"https:\/\/www.falconmx.com\/sitioweb\/wp-json\/wp\/v2\/pages"}],"about":[{"href":"https:\/\/www.falconmx.com\/sitioweb\/wp-json\/wp\/v2\/types\/page"}],"author":[{"embeddable":true,"href":"https:\/\/www.falconmx.com\/sitioweb\/wp-json\/wp\/v2\/users\/1"}],"replies":[{"embeddable":true,"href":"https:\/\/www.falconmx.com\/sitioweb\/wp-json\/wp\/v2\/comments?post=766"}],"version-history":[{"count":21,"href":"https:\/\/www.falconmx.com\/sitioweb\/wp-json\/wp\/v2\/pages\/766\/revisions"}],"predecessor-version":[{"id":1023,"href":"https:\/\/www.falconmx.com\/sitioweb\/wp-json\/wp\/v2\/pages\/766\/revisions\/1023"}],"wp:attachment":[{"href":"https:\/\/www.falconmx.com\/sitioweb\/wp-json\/wp\/v2\/media?parent=766"}],"curies":[{"name":"wp","href":"https:\/\/api.w.org\/{rel}","templated":true}]}}